 = 0. Calculate the greatest common factor of w and 10.
5
Suppose 3*l - 57794 = 4*i, 0*l + 3*i + 96327 = 5*l. Calculate the greatest common factor of l and 114.
114
Let p(b) = -7*b + 19. Let v be p(-19). What is the greatest common divisor of v and 56?
8
Let m be (-19)/(-2) + -9 + 45/(-2). Let p be m/4*(-2 - 90). Calculate the greatest common factor of 46 and p.
46
Let c(b) be the second derivative of 1/12*b**4 - 22*b + 5*b**2 - 1/3*b**3 + 0. Let i be c(7). What is the highest common factor of 5 and i?
5
Let y(q) = -q**3 - 5*q**2 - 10*q - 44. Let r be y(-5). Let j be 57 - (3 + -4 + r). Calculate the greatest common factor of j and 130.
26
Suppose n + 5*s = 3374, -3*n - 578*s + 10192 = -573*s. What is the greatest common factor of 7 and n?
7
Suppose -2*v = -2*x + 2 - 6, 5*x - 2*v - 5 = 0. Let z be 78*x/6 - 3. Calculate the highest common factor of z and 90.
18
Let v = 1651 - 463. Suppose 3*f + 8*f = v. Calculate the greatest common divisor of f and 12.
12
Let i(v) = -263*v + 6599. Let g be i(25). What is the highest common divisor of 3996 and g?
12
Suppose 3*j = -2*l + l + 17, 2*l + 5*j - 30 = 0. Let h = -5 + l. Let d be 6*((-6)/(-4) - h). What is the highest common factor of d and 9?
9
Suppose -2*p = f - 9, -4*f - 1 = -2*p - 7. Let j be (2/f)/((-18)/(-162)). Calculate the greatest common factor of j and 48.
6
Suppose 5*u - s - 7351 = 0, 0 = u - 8*s - 2039 + 639. Calculate the greatest common factor of 864 and u.
32
Suppose c = -24*o + 268, 0 = 3*c - 11*o + 8*o + 21. Let u(b) = 19*b - 1. Let x be u(1). Calculate the highest common factor of c and x.
2
Let f = 43 + -31. Suppose -3*g + 146 = -10*g + 1070. What is the greatest common divisor of f and g?
12
Let s = 8 + -4. Let y be (-2 + (-165)/(-6))*s/6. Suppose -l = 5*x - 202, -713 + 161 = -3*l + 3*x. Calculate the greatest common factor of l and y.
17
Let p(i) be the second derivative of -i**3 - 2*i**2 + 3*i. Let g be p(-6). Let q = 437 + -85. Calculate the greatest common factor of g and q.
32
Let r = 444 + -440. Suppose 5*v = -r*k + 351, -15*v = -2*k - 11*v + 208. What is the highest common divisor of 47 and k?
47
Let k(r) be the third derivative of r**4/24 + r**3/3 - 19*r**2. Let q be k(-2). Suppose q = o + 14 - 20. What is the greatest common divisor of o and 30?
6
Let f be 1 + ((-3)/(-5) - 1814/(-10)). Let b = f - 108. Suppose -37*v + 42*v - b = 0. Calculate the greatest common divisor of v and 6.
3
Let s(w) = 7*w - 26. Let z be s(4). Suppose 36 = -z*o + 148. Let g be (38/4)/(28/o). Calculate the highest common factor of 1 and g.
1
Suppose -2*q = 21*q - 207. Let t be (q/15 - 56/10) + 110. What is the highest common factor of 15 and t?
15
Let n(o) = 35*o**2 - o. Let l be n(2). Suppose -4*s + 4*c + 16 = 0, 4*c + 18 = -28770*s + 28775*s. Calculate the highest common divisor of s and l.
2
Let a = -230 - -210. Let x be (((-192)/a)/6)/(12/90). What is the highest common divisor of 108 and x?
12
Let w be (1 + (-5 - -4))/(2 - 1). Let n be 15/(15/5) - w. Suppose -2*a + 170 = -j - 2*j, 0 = -n*a + 3*j + 443. What is the highest common divisor of 7 and a?
7
Let y(d) = -d**3 - 38*d**2 + 35*d - 152. Let v be y(-39). Suppose -z + 2*b + 24 = 0, -z - v*z + 159 = 3*b. Calculate the greatest common divisor of z and 30.
30
Suppose -3*m = 2*y - 292, 4*m + 425 - 133 = 2*y. Calculate the highest common divisor of 1 and y.
1
Let p be 11709*(-25)/(-1125) - ((-126)/(-30) - 4). Let m be ((-16)/(-6))/((-1)/(-39)). Calculate the highest common divisor of m and p.
52
Let m(v) = -6*v**2 - 103*v + 58. Let o be m(-15). Calculate the highest common divisor of 176 and o.
11
Let k = 991 + -430. Suppose -k = -5*u - 436. Let a = -1 - -6. What is the highest common factor of u and a?
5
Suppose 17633 = 5*w - 2*r - 26750, -5*r + 17730 = 2*w. Calculate the highest common factor of 142 and w.
71
Let n(a) = a**2 - 23*a - 30. Let p be n(25). Suppose 12*m = p*m - 56. What is the greatest common factor of 140 and m?
7
Let s(t) = -2*t**3 + 30*t**2 - 39*t + 52. Let g be s(13). Calculate the highest common factor of g and 7072.
221
Let a = -7860 - -8913. What is the greatest common divisor of 3276 and a?
117
Suppose -2*z = z - 27. Let k be (-148)/6 - (-3 - (-84)/36). Let j be ((-6545)/6)/(-11) - (-4)/k. Calculate the greatest common factor of z and j.
9
Let z = -19005 + 42698. Calculate the greatest common factor of z and 19.
19
Let x = 1546 - 1264. Calculate the greatest common factor of x and 42.
6
Let m = 4172 + -3336. Calculate the greatest common factor of 33 and m.
11
Suppose 0 = -4*m + 2*m + 60. Suppose -j + 8 = -4*l, -5*l = -l. Let b(q) = 3*q - 14. Let f be b(j). What is the highest common factor of f and m?
10
Let r(m) = -5*m**3 + 6*m**2 + 18*m + 25. Suppose -5*u + 20 = 35. Let o be r(u). What is the greatest common divisor of 20 and o?
20
Let h be (-3)/(23/26 + -1). Let t be h/(-39)*(69/(-3) + 2). Suppose -3*l + 19 = -23. Calculate the highest common factor of t and l.
14
Suppose 3647*b - 127960 = 3591*b. Calculate the greatest common factor of b and 5.
5
Let t = 29 + -16. Suppose 4344*x - 4323*x = 10101. Calculate the greatest common divisor of x and t.
13
Let m = -274 - -289. Suppose z = m*z - 98. Calculate the greatest common divisor of 1 and z.
1
Let s = 11597 - 11587. Calculate the highest common divisor of 955 and s.
5
Let b(d) = 3*d + 49 - 3*d**2 + 4*d + 5*d**2 - 46. Let v be b(-5). Let y(u) = -19*u + 30. Let c be y(-6). What is the highest common factor of c and v?
18
Suppose 5*s + 1914 = -3*x + 4*s, -5*s = 0. Let i = 1010 + x. Calculate the greatest common factor of i and 24.
12
Suppose 4*p + 5*w + 2 = 0, 129 = -5*p + 6*w + 151. Let i = -54 + 92. Calculate the highest common factor of i and p.
2
Suppose 103*x - 3564 = 59*x. Calculate the greatest common factor of x and 1593.
27
Suppose -5*g = -f + 2*f - 253, -4*f + 917 = g. Suppose 0 = -4*r + 8*r - 2*l - 446, -4*l + f = 2*r. Calculate the greatest common factor of r and 196.
28
Suppose 4*t - 78 = 18. Suppose -3*m - t = k, 5*k + 66 = -m + 4*m. Let n be (-20)/3*k - 4. What is the greatest common factor of 6 and n?
6
Suppose 4*x - x = 60. Suppose 374 = 2*d - 2*y, 48*y = -4*d + 50*y + 734. Calculate the highest common divisor of d and x.
20
Let l(b) = -25*b**2 + 8*b + 7. Let k be l(-5). Let w be k/(-98) + (-2)/(-7). Suppose -2*c = -55 - w. What is the highest common divisor of 279 and c?
31
Let n(l) = l**2 - 74*l - 640. Let q be n(-8). Calculate the greatest common divisor of 22 and q.
2
Suppose -55 - 14 = -3*g. Let a(s) be the second derivative of 7*s**4/12 - 3*s**3 - s**2 - 38*s. Let n be a(-3). Calculate the highest common divisor of n and g.
23
Suppose -u = -205 - 230. Calculate the highest common factor of u and 75.
15
Let q = -654 - -756. What is the greatest common factor of q and 1819?
17
Suppose 2*g - 7482 = -66*h + 62*h, 4 = 2*h. Calculate the greatest common factor of g and 303.
101
Suppose -3*t = 4*o - 0*t - 72, o - 18 = -2*t. Let u(j) = 2*j**2 - 4*j + 6. Let n be u(-4). Calculate the greatest common factor of o and n.
18
Let h(b) = -b**3 - 40*b**2 + 1714*b + 22. Let j be h(-66). Suppose -7*t + 2*t = -10. Suppose t*z + 18 = 46. Calculate the greatest common divisor of z and j.
14
Suppose -318*m + 1336080 = 252*m. Calculate the highest common factor of m and 8497.
293
Let w be (9 - 7) + 3 - (-1 + -129). Let b = w - 47. What is the highest common factor of b and 24?
8
Suppose -o + 160 = -92. Let u = -239 + 218. Let a be u + 17 + (-7)/((-21)/120). Calculate the highest common divisor of a and o.
36
Let i be ((-1800)/10)/(-2) - 9. Calculate the highest common divisor of i and 24.
3
Suppose -2*t + 18 = 4*p, -3*t + 0*p + 2*p = -3. Suppose -232 = -5*x + a + 3*a, 5*x - 238 = a. Calculate the highest common factor of x and t.
3
Let c = 82330 - 82250. Let l = -6 - -31. Calculate the highest common factor of l and c.
5
Let k = 709787 + -709782. Let z be 2/4 + 729/2. Calculate the highest common factor of k and z.
5
Let j = -476 + 476. Suppose -6*q + 3632 - 662 = j. What is the highest common divisor of 55 and q?
55
Let m = 1616 - -774. Calculate the highest common factor of m and 10.
10
Let f be ((-3724)/42)/(2/(-3)). Suppose 22*p + 82*p - 2464 = 1488. Calculate the greatest common divisor of p and f.
19
Let c = 3902 - 3802. Let z be 2 - ((-18)/1 - 0). What is the high